 of 3276?
2, 3, 7, 13
List the prime factors of 5376.
2, 3, 7
What are the prime factors of 4172?
2, 7, 149
List the prime factors of 44423.
31, 1433
List the prime factors of 9472.
2, 37
List the prime factors of 2082.
2, 3, 347
List the prime factors of 4332.
2, 3, 19
List the prime factors of 3831.
3, 1277
List the prime factors of 372.
2, 3, 31
List the prime factors of 6169.
31, 199
What are the prime factors of 1976?
2, 13, 19
What are the prime factors of 11560?
2, 5, 17
What are the prime factors of 19427?
19427
What are the prime factors of 2823?
3, 941
List the prime factors of 31603.
11, 13, 17
List the prime factors of 3844.
2, 31
What are the prime factors of 54614?
2, 7, 47, 83
What are the prime factors of 46287?
3, 37, 139
What are the prime factors of 42072?
2, 3, 1753
What are the prime factors of 66330?
2, 3, 5, 11, 67
List the prime factors of 4452.
2, 3, 7, 53
List the prime factors of 1585.
5, 317
What are the prime factors of 6332?
2, 1583
List the prime factors of 76203.
3, 8467
What are the prime factors of 18874?
2, 9437
List the prime factors of 25534.
2, 17, 751
List the prime factors of 5358.
2, 3, 19, 47
List the prime factors of 5093.
11, 463
List the prime factors of 62223.
3, 7, 2963
What are the prime factors of 8478?
2, 3, 157
List the prime factors of 1811.
1811
List the prime factors of 83266.
2, 17, 31, 79
List the prime factors of 2546.
2, 19, 67
List the prime factors of 525.
3, 5, 7
List the prime factors of 3234.
2, 3, 7, 11
List the prime factors of 864.
2, 3
What are the prime factors of 12244?
2, 3061
What are the prime factors of 106?
2, 53
List the prime factors of 719.
719
List the prime factors of 45940.
2, 5, 2297
List the prime factors of 666.
2, 3, 37
List the prime factors of 38261.
38261
What are the prime factors of 2954?
2, 7, 211
What are the prime factors of 68802?
2, 3, 11467
List the prime factors of 3753.
3, 139
List the prime factors of 19306.
2, 7, 197
List the prime factors of 60582.
2, 3, 23, 439
List the prime factors of 1431.
3, 53
What are the prime factors of 9283?
9283
List the prime factors of 27455.
5, 17, 19
What are the prime factors of 949?
13, 73
What are the prime factors of 10617?
3, 3539
What are the prime factors of 5285?
5, 7, 151
List the prime factors of 2346.
2, 3, 17, 23
What are the prime factors of 36626?
2, 18313
What are the prime factors of 632?
2, 79
List the prime factors of 1716.
2, 3, 11, 13
List the prime factors of 90721.
257, 353
List the prime factors of 23093.
7, 3299
What are the prime factors of 14460?
2, 3, 5, 241
List the prime factors of 19747.
7, 13, 31
What are the prime factors of 12716?
2, 11, 17
What are the prime factors of 117750?
2, 3, 5, 157
What are the prime factors of 8583?
3, 2861
List the prime factors of 66356.
2, 53, 313
What are the prime factors of 4155?
3, 5, 277
List the prime factors of 1588.
2, 397
List the prime factors of 1853.
17, 109
List the prime factors of 5246.
2, 43, 61
List the prime factors of 11423.
11423
What are the prime factors of 69?
3, 23
List the prime factors of 506.
2, 11, 23
List the prime factors of 1057.
7, 151
List the prime factors of 858.
2, 3, 11, 13
List the prime factors of 1944.
2, 3
List the prime factors of 35689.
89, 401
What are the prime factors of 39560?
2, 5, 23, 43
List the prime factors of 5109.
3, 13, 131
What are the prime factors of 498?
2, 3, 83
What are the prime factors of 18360?
2, 3, 5, 17
List the prime factors of 1625.
5, 13
List the prime factors of 1667.
1667
List the prime factors of 43514.
2, 21757
What are the prime factors of 3516?
2, 3, 293
List the prime factors of 2436.
2, 3, 7, 29
List the prime factors of 13923.
3, 7, 13, 17
List the prime factors of 400.
2, 5
List the prime factors of 773.
773
What are the prime factors of 14456?
2, 13, 139
What are the prime factors of 1935?
3, 5, 43
What are the prime factors of 1861?
1861
What are the prime factors of 13521?
3, 4507
What are the prime factors of 19569?
3, 11, 593
List the prime factors of 2195.
5, 439
List the prime factors of 9000.
2, 3, 5
What are the prime factors of 89414?
2, 13, 19, 181
List the prime factors of 3243.
3, 23, 47
What are the prime factors of 176940?
2, 3, 5, 983
List the prime factors of 15673.
7, 2239
List the prime factors of 34452.
2, 3, 11, 29
What are the prime factors of 644?
2, 7, 23
What are the prime factors of 2834?
2, 13, 109
What are the prime factors of 6909?
3, 7, 47
List the prime factors of 1384.
2, 173
What are the prime factors of 2141?
2141
What are the prime factors of 22059?
3, 19, 43
What are the prime factors of 2139?
3, 23, 31
List the prime factors of 6795.
3, 5, 151
List the prime factors of 729.
3
List the prime factors of 6067.
6067
What are the prime factors of 1734?
2, 3, 17
What are the prime factors of 2732?
2, 683
List the prime factors of 584.
2, 73
What are the prime factors of 6012?
2, 3, 167
List the prime factors of 50064.
2, 3, 7, 149
List the prime factors of 13270.
2, 5, 1327
List the prime factors of 5656.
2, 7, 101
What are the prime factors of 5687?
11, 47
List the prime factors of 505.
5, 101
List the prime factors of 8014.
2, 4007
What are the prime factors of 566?
2, 283
List the prime factors of 3904.
2, 61
What are the prime factors of 3124?
2, 11, 71
What are the prime factors of 64129?
13, 4933
What are the prime factors of 5086?
2, 2543
List the prime factors of 51863.
7, 31, 239
What are the prime factors of 66254?
2, 157, 211
List the prime factors of 674.
2, 337
List the prime factors of 19682.
2, 13, 757
What are the prime factors of 3277?
29, 113
What are the prime factors of 34325?
5, 1373
What are the prime factors of 928?
2, 29
List the prime factors of 38219.
38219
List the prime factors of 317.
317
What are the prime factors of 35583?
3, 29, 409
What are the prime factors of 4111?
4111
List the prime factors of 868.
2, 7, 31
What are the prime factors of 1797?
3, 599
List the prime factors of 31846.
2, 15923
What are the prime factors of 379?
379
What are the prime factors of 13347?
3, 1483
List the prime factors of 8816.
2, 19, 29
What are the prime factors of 14761?
29, 509
What are the prime factors of 66306?
2, 3, 43, 257
What are the prime factors of 4681?
31, 151
List the prime factors of 2338.
2, 7, 167
List the prime factors of 12159.
3, 7, 193
What are the prime factors of 1710?
2, 3, 5, 19
What are the prime factors of 4080?
2, 3, 5, 17
List the prime factors of 61685.
5, 13, 73
What are the prime factors of 890?
2, 5, 89
What are the prime factors of 20083?
7, 19, 151
What are the prime factors of 775?
5, 31
List the prime factors of 1330.
2, 5, 7, 19
List the prime factors of 4016.
2, 251
List the prime factors of 7637.
7, 1091
What are the prime factors of 110689?
71, 1559
What are the prime factors of 28054?
2, 13, 83
What are the prime factors of 7184?
2, 449
What are the prime factors of 3798?
2, 3, 211
List the prime factors of 4663.
4663
What are the prime factors of 5986?
2, 41, 73
What are the prime factors of 26848?
2, 839
What are the prime factors of 10960?
2, 5, 137
List the prime factors of 38741.
19, 2039
What are the prime factors of 2710?
2, 5, 271
List the prime factors of 99789.
3, 29, 31, 37
List the prime factors of 151840.
2, 5, 13, 73
List the prime factors of 3842.
2, 17, 113
What are the prime factors of 1554?
2, 3, 7, 37
What are the prime factors of 20521?
20521
List the prime factors of 17027.
17027
List the prime factors of 8008.
2, 7, 11, 13
What are the prime factors of 89919?
3, 97, 103
List the prime factors of 3338.
2, 1669
List the prime factors of 33.
3, 11
What are the prime factors of 73147?
193, 379
List the prime factors of 58757.
58757
List the prime factors of 15246.
2, 3, 7, 11
What are the prime factors of 1563?
3, 521
List the prime factors of 58275.
3, 5, 7, 37
List the prime factors of 1083.
3, 19
List the prime factors of 20884.
2, 23, 227
List the prime factors of 14708.
2, 3677
What are the prime factors of 2743?
13, 211
List the prime factors of 27262.
2, 43, 317
List the prime factors of 1417.
13, 109
What are the prime factors of 6381?
3, 709
What are the prime factors of 1133?
11, 103
What are the prime factors of 10308?
2, 3, 859
List the prime factors of